git of (-4)/48*3*20*n?
0
Let h(x) = 25*x + 167. Let c be h(-5). Suppose 5*g - w - 1492 = 0, c*g + 3*w = 40*g + 590. What is the tens digit of g?
9
Let i = 35 + -17. Let w be 140/i - 6/(-27). Suppose w*q = 11*q - 174. What is the units digit of q?
8
Suppose b - 1 = -3. Let j be b + (1 - (-7 - 2)). What is the units digit of (-6)/4 - j/(16/(-255))?
6
Let v be (-594)/(-10) - 6/15. Suppose 7*i = v + 235. What is the units digit of i?
2
Let l be (1/((-2)/6))/(6/(-10)). Suppose v = -v - l*f + 33, f = 3. Suppose -14 + 356 = v*q. What is the units digit of q?
8
Let a(g) = 757*g - 58. Let u(y) = 2*y + 1. Let m(r) = a(r) + 3*u(r). What is the units digit of m(2)?
1
Suppose 0 = 3*g - 5*o - 104 + 19, -8 = -2*o. Suppose -g = b - 6*b. Suppose -4*k = -b*k + 477. What is the tens digit of k?
5
Let c(f) = -3*f - 26. Let u be c(-14). Suppose 0 = u*l - 15*l - 328. What is the tens digit of l?
2
Suppose -2*m + 205 = 3*i + 3*m, 0 = 2*i + 4*m - 136. Suppose 0 = 5*z - 3*b - 70, 0 = 5*z + 2*b + b - i. Let a = 126 - z. What is the hundreds digit of a?
1
Let f = 6630 - -15933. What is the ten thousands digit of f?
2
Let l(b) = -b**2 - 33*b - 18. Suppose 2*n = 2*w - 40, 3*n + 2*n - 2*w = -85. What is the units digit of l(n)?
2
Suppose 56*u - 232*u + 2405744 = 0. What is the tens digit of u?
6
Let i = -2723 - -1650. Let j = i - -2355. Suppose 5*l - j = h, -4*l = -2*h + h - 1026. What is the tens digit of l?
5
Let p(i) = 215*i**2 + 39*i + 367. What is the hundreds digit of p(-7)?
6
Let y(w) = -w**2 - 6*w + 68. Let s be y(6). What is the units digit of (s/(-3))/(-1 - (-1140)/1134)?
2
Suppose 4*x - 11080 = -4*f, 0 = 3*f + 4 + 2. Suppose 0*m - m = 2*p - 1100, x = 5*p - 3*m. What is the hundreds digit of p?
5
Suppose 10*c = 64 - 4. What is the tens digit of 5295/c - 9/18?
8
Let z be (99/6)/(3/54 + 0). Let g = z - 211. What is the units digit of g?
6
Suppose 0 = -21*b + 846528 + 629394. What is the units digit of b?
2
Let i be (-10 - 5)*(-2)/(-6). Let m be 1/i - (-21)/5. Suppose 8*v = 148 - m. What is the units digit of v?
8
Let g(i) = 3*i - 46. Let j be g(17). Suppose j*t + 16*f = 18*f + 2964, -t + 4*f + 600 = 0. What is the tens digit of t?
9
Suppose -v = 2*v - 5*r - 56, 8 = 4*r. Suppose v*c = 20*c + 8. Suppose 4 = c*a, 0 = 2*l + 2*l - a - 235. What is the units digit of l?
9
Suppose 175*z + 82*z - 13222136 = 0. What is the tens digit of z?
4
Let n(u) = 2*u**2 + 21*u - 33. Let p(a) = -a**2 - a - 1. Let f(c) = -n(c) - 4*p(c). What is the tens digit of f(14)?
9
Let h(j) = -440*j - 3433. What is the tens digit of h(-16)?
0
Let g be 4*((-2)/(-5))/((-24)/(-75)). Suppose 5*d = g*j - 3480, 2*j - 721 = j - 4*d. What is the units digit of j?
1
Suppose -5*a + 12429 = -4*s, 29*s = -2*a + 33*s + 4962. What is the units digit of a?
9
Let n(b) = -2*b**3 + 51*b**2 - 39*b + 49. Let z be 7 + -1 - (-11 + (-16 - -10)). What is the tens digit of n(z)?
9
Suppose 4*b - k = 98722, -75*b + 77*b - 49352 = 5*k. What is the units digit of b?
1
Suppose -2*h + 3*k + 21457 + 7221 = 0, -4*k = -5*h + 71681. What is the units digit of h?
3
Let i be ((-345)/(-2))/(3 + 378/(-120)). Let a = i + 1830. What is the hundreds digit of a?
6
Suppose -o + 3*w - 2*w = -3, 3*w = 5*o - 9. Suppose r + 15*r - 5856 = o. What is the hundreds digit of r?
3
Let n(i) = -19*i**2 + 351*i - 4. What is the thousands digit of n(5)?
1
Let q(u) = -26*u - 15. Let m(c) = 51*c + 30. Let h(w) = -2*m(w) - 5*q(w). Let s be h(-3). What is the units digit of (-6)/(36/s) - (-2)/4?
2
Let x be -3*(0 - (-4)/(-6)). Let o = 585 - 574. Suppose -g + 600 = x*c, 6*g = 2*c + o*g - 600. What is the units digit of c?
0
Let a(o) be the first derivative of o**4/6 - 13*o**3/6 - 12*o**2 - 14*o + 1. Let d(b) be the first derivative of a(b). What is the units digit of d(11)?
5
What is the units digit of 395*(21/(-126) + (-22631)/(-210))?
2
Suppose -8*k + 11*k = 31*k - 679084. What is the tens digit of k?
5
Suppose -38*b + 312558 = -821438. What is the thousands digit of b?
9
Let c(i) = -324 - 11*i + 347 + 2*i**2 - 2*i. What is the units digit of c(12)?
5
Suppose 0 = -27*o + 8175 + 8538. Suppose 0 = y - 54*p + 51*p - o, 1246 = 2*y - 4*p. What is the units digit of y?
1
Suppose -568 = -454*j + 453*j. Suppose -32*l + 4696 = j. What is the hundreds digit of l?
1
Let r(w) = -16*w**3 - 14*w - 3. Let p be r(-3). Suppose 3*f - 1459 = -2*g + p, 4*f - 2895 = -3*g. What is the hundreds digit of g?
9
What is the tens digit of ((-152)/(-6))/(5068/(-2541) + 2)?
9
Suppose -15*h = 2*o - 12*h - 1708, -2*o = -2*h - 1708. Suppose d - o = -3*y, -7*y + 12*y - 3451 = -4*d. What is the units digit of d?
9
Let x = -613 + 615. Suppose -v + x*o + 596 = 0, -o = 2*o - 15. What is the tens digit of v?
0
Let d be ((-15)/9)/(140/(-168)). Let j(p) = -48*p - 14. Let c(y) = y + 1. Let h(i) = -4*c(i) - j(i). What is the tens digit of h(d)?
9
Suppose 5*m + 5*a + 100 = 0, -m = -3*m + 5*a - 61. Let b be (-14)/49 + m/(-7). Suppose 4*w = 2*y - 39 - 31, -2*y + b*w + 68 = 0. What is the tens digit of y?
3
Suppose 221*f = u + 216*f - 14665, u - 4*f = 14659. What is the units digit of u?
5
Let l(w) = 306*w**2 - w + 23. Let m be l(7). Suppose -14*g = -m + 4342. What is the hundreds digit of g?
7
Suppose -25520 = -29*k + 7*k. Suppose -5*d + 64 = 4. Suppose 7*c + k = d*c. What is the units digit of c?
2
Let s = -47489 - -100618. What is the thousands digit of s?
3
Suppose -s - 4517 = -3*v, v = 5*s - 0*s + 1529. Suppose 6155 = 23*a - v. What is the hundreds digit of a?
3
Let o be 1 - 1*(4 + 90). Let r = -90 - o. Suppose 2*u - 34 = r*s, 37 + 59 = 4*u + s. What is the units digit of u?
3
Suppose 0 = 2*f - 2 - 2. Let m(r) = 17*r**3. Let g be m(1). Suppose f*w = 69 + g. What is the tens digit of w?
4
Let g(h) be the third derivative of h**5/60 + h**3/3 - 7*h**2. Let o be g(0). Suppose o*p - 5*x - 169 = -2*x, 5*x - 371 = -4*p. What is the tens digit of p?
8
Suppose 18621 + 5559 = 3*p. What is the tens digit of p?
6
Let c be 0/4 + 2 - -147. Let n = -91 + c. Let g = n + 17. What is the tens digit of g?
7
Let l = -6286 - -8037. What is the thousands digit of l?
1
Let n(r) be the second derivative of r**5/20 - 3*r**4/2 - 55*r**3/6 + 45*r**2/2 - 84*r. What is the hundreds digit of n(21)?
2
Let m(l) = 860*l**2 + 60*l + 396. What is the units digit of m(-5)?
6
Let w(a) = 45*a + 48. Let f = -200 - -207. What is the units digit of w(f)?
3
Let r be (4*(-4)/24)/((-2)/23685). Suppose -r = -24*l + 17257. What is the tens digit of l?
4
Let c(t) = t**2 - 12*t + 44. Let a = 94 + -102. Let g(j) = -3*j - 5. Let p be g(a). What is the tens digit of c(p)?
7
Let w(s) = -23*s**2 - 71*s - 12. Let y(v) = 25*v**2 + 70*v + 11. Let t(p) = -6*w(p) - 5*y(p). What is the units digit of t(-9)?
6
Let q = -17068 - -27806. What is the units digit of q?
8
Let n(s) = -51*s**2 - 36*s + 18. Let o be n(9). What is the units digit of (o/(-34))/((-1)/(-6 - 0))?
3
Let f(v) = 2*v**3 + 27*v**2 - 5*v - 12. What is the tens digit of f(-11)?
4
Suppose -28752*j = -28734*j - 470718. What is the ten thousands digit of j?
2
Let t(j) = -29*j - 136. Let z(b) = -31*b - 139. Let n(y) = -3*t(y) + 4*z(y). What is the units digit of n(-21)?
9
Suppose 111*i + 10338 - 54621 = 52065. What is the units digit of i?
8
Let z(y) be the second derivative of -8/3*y**3 + 0 + 24*y - 5*y**2 + 1/6*y**4. What is the tens digit of z(14)?
5
Let s(v) = 51*v + 69. Let i(o) = -26*o - 35. Let l(b) = -5*i(b) - 2*s(b). What is the tens digit of l(11)?
4
Suppose 3*f + 4*x - 17526 = 1002, 0 = 3*f + x - 18510. What is the hundreds digit of f?
1
Suppose -20668 = -24*i + 10028. What is the thousands digit of i?
1
Suppose -13*y + 6 = -11*y. Suppose -6*j = -y*j + 1260. What is the units digit of (-3)/(18/j) - (-1 - 1)?
2
Let k = 28784 + -18922. What is the tens digit of k?
6
Suppose 27*n = 19997 + 43102. What is the thousands digit of n?
2
Let b = 141 + -94. Suppose 6*k - 3*r = k + b, 2*k = 3*r + 26. Suppose 0 = 2*d + 5*n - 44, 0*d = -d + 5*n + k. What is the tens digit of d?
1
Let w = -42 - -13. Let l = w - -5. What is the tens digit of l/(-9)*(-126)/(-7)?
4
Let q(x) = -x**3 - 16*x**2 + 41*x - 42. Let s be q(-18). Let r = 821 + s. What is the hundreds digit of r?
6
Let g(b) = 45*b + 105. Let s be 8/20*30/1. What is the tens digit of g(s)?
4
Let a(h) = -2*h + 17. Let f be a(6). Suppose f*s = m 